{"id":51,"date":"2014-09-13T12:15:49","date_gmt":"2014-09-13T09:15:49","guid":{"rendered":"http:\/\/localhost\/wordpress\/?page_id=51"},"modified":"2021-10-02T17:47:46","modified_gmt":"2021-10-02T14:47:46","slug":"urunler","status":"publish","type":"page","link":"http:\/\/www.dekateknik.com\/?page_id=51","title":{"rendered":"Sistemler\/\u00dcr\u00fcnler"},"content":{"rendered":"<div class=\"grid_12\">\n<h2 style=\"padding-bottom: 20px;\">Sistemler\/\u00dcr\u00fcnler<\/h2>\n<table class=\"products-table\">\n<tbody>\n<tr>\n<td>\n<div class=\"deka-slider\"><img loading=\"lazy\" class=\"alignnone wp-image-133 size-thumbnail\" src=\"http:\/\/www.dekateknik.com\/wp-content\/uploads\/2014\/09\/1.jpg\" alt=\"prod1\" width=\"150\" height=\"150\" \/><img loading=\"lazy\" class=\"alignnone wp-image-135 size-thumbnail\" src=\"http:\/\/www.dekateknik.com\/wp-content\/uploads\/2014\/09\/2.jpg\" alt=\"prod3\" width=\"150\" height=\"150\" \/><img loading=\"lazy\" class=\"alignnone wp-image-134 size-thumbnail\" src=\"http:\/\/www.dekateknik.com\/wp-content\/uploads\/2014\/09\/3.jpg\" alt=\"prod2\" width=\"150\" height=\"150\" \/><\/div>\n<\/td>\n<td>\n<ul>\n<li>CO<sub>2<\/sub>\u00a0gazl\u0131 yang\u0131n s\u00f6nd\u00fcrme sistemleri\n<ul>\n<li>D\u00fc\u015f\u00fck bas\u0131n\u00e7l\u0131 tankl\u0131 (KOTIKA<sup>\u00ae<\/sup>) CO<sub>2<\/sub> sistemleri<\/li>\n<li>Y\u00fcksek bas\u0131n\u00e7l\u0131 t\u00fcpl\u00fc CO<sub>2<\/sub> sistemleri<\/li>\n<\/ul>\n<\/li>\n<\/ul>\n<\/td>\n<\/tr>\n<tr>\n<td>\n<div class=\"deka-slider\"><img loading=\"lazy\" class=\"alignnone wp-image-135 size-thumbnail\" src=\"http:\/\/www.dekateknik.com\/wp-content\/uploads\/2014\/09\/12.jpg\" alt=\"prod3\" width=\"150\" height=\"150\" \/><img loading=\"lazy\" class=\"alignnone wp-image-134 size-thumbnail\" src=\"http:\/\/www.dekateknik.com\/wp-content\/uploads\/2014\/09\/22.jpg\" alt=\"prod2\" width=\"150\" height=\"150\" \/><img loading=\"lazy\" class=\"alignnone wp-image-133 size-thumbnail\" src=\"http:\/\/www.dekateknik.com\/wp-content\/uploads\/2014\/09\/32.jpg\" alt=\"prod1\" width=\"150\" height=\"150\" \/><\/div>\n<\/td>\n<td>\n<ul>\n<li>Su sisi (Micro Drop<sup>\u00ae<\/sup>) sistemleri<\/li>\n<\/ul>\n<\/td>\n<\/tr>\n<tr>\n<td>\n<div class=\"deka-slider\"><img loading=\"lazy\" class=\"alignnone wp-image-134 size-thumbnail\" src=\"http:\/\/www.dekateknik.com\/wp-content\/uploads\/2014\/09\/11.jpg\" width=\"150\" height=\"150\" \/><img loading=\"lazy\" class=\"alignnone wp-image-133 size-thumbnail\" src=\"http:\/\/www.dekateknik.com\/wp-content\/uploads\/2014\/09\/21.jpg\" alt=\"prod1\" width=\"150\" height=\"150\" \/><img loading=\"lazy\" class=\"alignnone wp-image-135 size-thumbnail\" src=\"http:\/\/www.dekateknik.com\/wp-content\/uploads\/2014\/09\/31.jpg\" alt=\"prod3\" width=\"150\" height=\"150\" \/><\/div>\n<\/td>\n<td>\n<ul>\n<li>INERGEN<sup>\u00ae<\/sup> gazl\u0131 yang\u0131n s\u00f6nd\u00fcrme sistemleri<\/li>\n<\/ul>\n<\/td>\n<\/tr>\n<tr>\n<td>\n<div class=\"deka-slider\"><img loading=\"lazy\" class=\"alignnone wp-image-133 size-thumbnail\" src=\"http:\/\/www.dekateknik.com\/wp-content\/uploads\/2014\/09\/13.jpg\" alt=\"prod1\" width=\"150\" height=\"150\" \/><img loading=\"lazy\" class=\"alignnone wp-image-135 size-thumbnail\" src=\"http:\/\/www.dekateknik.com\/wp-content\/uploads\/2014\/09\/23.jpg\" alt=\"prod3\" width=\"150\" height=\"150\" \/><img loading=\"lazy\" class=\"alignnone wp-image-134 size-thumbnail\" src=\"http:\/\/www.dekateknik.com\/wp-content\/uploads\/2014\/09\/33.jpg\" alt=\"prod2\" width=\"150\" height=\"150\" \/><\/div>\n<\/td>\n<td>\n<ul>\n<li>Sulu sistemler\n<ul>\n<li>Sprinkler<\/li>\n<li>Bask\u0131n (Deluge) sistemleri<\/li>\n<li>\u00d6n aksiyonlu (Preaction) sistemler<\/li>\n<\/ul>\n<\/li>\n<\/ul>\n<\/td>\n<\/tr>\n<tr>\n<td>\n<div class=\"deka-slider\"><img loading=\"lazy\" class=\"alignnone wp-image-134 size-thumbnail\" src=\"http:\/\/www.dekateknik.com\/wp-content\/uploads\/2014\/09\/14.jpg\" alt=\"prod2\" width=\"150\" height=\"150\" \/><img loading=\"lazy\" class=\"alignnone wp-image-133 size-thumbnail\" src=\"http:\/\/www.dekateknik.com\/wp-content\/uploads\/2014\/09\/24.jpg\" alt=\"prod1\" width=\"150\" height=\"150\" \/><img loading=\"lazy\" class=\"alignnone wp-image-135 size-thumbnail\" src=\"http:\/\/www.dekateknik.com\/wp-content\/uploads\/2014\/09\/34.jpg\" alt=\"prod3\" width=\"150\" height=\"150\" \/><\/div>\n<\/td>\n<td>\n<ul>\n<li>K\u00f6p\u00fck sistemleri\n<ul>\n<li>Y\u00fcksek genle\u015fmeli k\u00f6p\u00fck sistemleri<\/li>\n<li>D\u00fc\u015f\u00fck genle\u015fmeli k\u00f6p\u00fck sistemleri<\/li>\n<li>K\u00f6p\u00fck kar\u0131\u015f\u0131ml\u0131 sprinkler sistemleri<\/li>\n<\/ul>\n<\/li>\n<\/ul>\n<\/td>\n<\/tr>\n<tr>\n<td>\n<div class=\"deka-image\"><img loading=\"lazy\" class=\"alignnone wp-image-133 size-thumbnail\" src=\"http:\/\/www.dekateknik.com\/wp-content\/uploads\/2014\/09\/15.jpg\" alt=\"prod1\" width=\"150\" height=\"150\" \/><\/div>\n<\/td>\n<td>\n<ul>\n<li>Kuru kimyevi tozlu s\u00f6nd\u00fcrme sistemleri<\/li>\n<\/ul>\n<\/td>\n<\/tr>\n<tr>\n<td>\n<div class=\"deka-image\"><img loading=\"lazy\" class=\"alignnone wp-image-133 size-thumbnail\" src=\"http:\/\/www.dekateknik.com\/wp-content\/uploads\/2014\/09\/16.jpg\" alt=\"prod3\" width=\"150\" height=\"150\" \/><\/div>\n<\/td>\n<td>\n<ul>\n<li>Mutfak davlumbaz s\u00f6nd\u00fcrme sistemleri<\/li>\n<\/ul>\n<\/td>\n<\/tr>\n<tr>\n<td>\n<div class=\"deka-image\"><img loading=\"lazy\" class=\"alignnone wp-image-133 size-thumbnail\" src=\"http:\/\/www.dekateknik.com\/wp-content\/uploads\/2014\/09\/17.jpg\" alt=\"prod2\" width=\"150\" height=\"150\" \/><\/div>\n<\/td>\n<td>\n<ul>\n<li>Yang\u0131n alarm ve ihbar sistemleri<\/li>\n<\/ul>\n<\/td>\n<\/tr>\n<tr>\n<td>\n<div class=\"deka-image\"><\/div>\n<\/td>\n<td><\/td>\n<\/tr>\n<tr>\n<td>\n<div class=\"deka-image\"><\/div>\n<\/td>\n<td><\/td>\n<\/tr>\n<tr>\n<td>\n<div class=\"deka-image\"><\/div>\n<\/td>\n<td><\/td>\n<\/tr>\n<\/tbody>\n<\/table>\n<\/div>\n","protected":false},"excerpt":{"rendered":"<p>Sistemler\/\u00dcr\u00fcnler CO2\u00a0gazl\u0131 yang\u0131n s\u00f6nd\u00fcrme sistemleri D\u00fc\u015f\u00fck bas\u0131n\u00e7l\u0131 tankl\u0131 (KOTIKA\u00ae) CO2 sistemleri Y\u00fcksek bas\u0131n\u00e7l\u0131 t\u00fcpl\u00fc CO2 sistemleri Su sisi (Micro Drop\u00ae) sistemleri INERGEN\u00ae gazl\u0131 yang\u0131n s\u00f6nd\u00fcrme sistemleri Sulu sistemler Sprinkler Bask\u0131n (Deluge) sistemleri \u00d6n aksiyonlu (Preaction) sistemler K\u00f6p\u00fck sistemleri Y\u00fcksek genle\u015fmeli k\u00f6p\u00fck sistemleri D\u00fc\u015f\u00fck genle\u015fmeli k\u00f6p\u00fck sistemleri K\u00f6p\u00fck kar\u0131\u015f\u0131ml\u0131 sprinkler sistemleri Kuru kimyevi tozlu s\u00f6nd\u00fcrme sistemleri Mutfak davlumbaz s\u00f6nd\u00fcrme sistemleri Yang\u0131n alarm ve ihbar sistemleri<\/p>\n","protected":false},"author":1,"featured_media":0,"parent":0,"menu_order":0,"comment_status":"open","ping_status":"open","template":"page-fullwidth.php","meta":[],"_links":{"self":[{"href":"http:\/\/www.dekateknik.com\/index.php?rest_route=\/wp\/v2\/pages\/51"}],"collection":[{"href":"http:\/\/www.dekateknik.com\/index.php?rest_route=\/wp\/v2\/pages"}],"about":[{"href":"http:\/\/www.dekateknik.com\/index.php?rest_route=\/wp\/v2\/types\/page"}],"author":[{"embeddable":true,"href":"http:\/\/www.dekateknik.com\/index.php?rest_route=\/wp\/v2\/users\/1"}],"replies":[{"embeddable":true,"href":"http:\/\/www.dekateknik.com\/index.php?rest_route=%2Fwp%2Fv2%2Fcomments&post=51"}],"version-history":[{"count":31,"href":"http:\/\/www.dekateknik.com\/index.php?rest_route=\/wp\/v2\/pages\/51\/revisions"}],"predecessor-version":[{"id":325,"href":"http:\/\/www.dekateknik.com\/index.php?rest_route=\/wp\/v2\/pages\/51\/revisions\/325"}],"wp:attachment":[{"href":"http:\/\/www.dekateknik.com\/index.php?rest_route=%2Fwp%2Fv2%2Fmedia&parent=51"}],"curies":[{"name":"wp","href":"https:\/\/api.w.org\/{rel}","templated":true}]}}